t m(a) = -100736*a + 2820618. What is m(28)?
10
Let y(d) = -d**2 - 97*d + 153594. Calculate y(346).
316
Let m(q) = 3*q**2 + 160*q - 290. What is m(-54)?
-182
Let y(d) = 8*d**3 - 71*d**2 + 15*d - 222. Give y(9).
-6
Let s(c) = 33381*c - 100158. What is s(3)?
-15
Let m(x) = 23*x**2 - 387*x + 1545. Calculate m(10).
-25
Let i(z) = 55230*z + 9168191. Calculate i(-166).
11
Let r(v) = 220*v**2 + 2193*v - 12. Calculate r(-10).
58
Let z(t) = t**2 - 62*t - 1264. Calculate z(58).
-1496
Let j(s) = 1313*s + 214026. Determine j(-163).
7
Let y(a) = a**3 - 236*a**2 + 1152*a + 749. Determine y(231).
56
Let i(n) = 3*n**3 + 37*n**2 + 110*n - 11. Calculate i(-5).
-11
Let a(y) = -555*y + 8885. What is a(26)?
-5545
Let t(q) = q**3 + 105*q**2 - 13242*q + 692. Determine t(-179).
-24
Let t(a) = 754*a**2 + 18089*a - 190. What is t(-24)?
-22
Let m(x) = 332*x - 3557. Calculate m(11).
95
Let s(m) = 2582*m - 92925. Calculate s(36).
27
Let y(k) = -k**3 - 20*k**2 + 25*k + 1736. Calculate y(0).
1736
Let m(j) = 11*j**2 - 340*j - 1659. Calculate m(37).
820
Let h(v) = -20*v**3 + 33*v**2 + 170*v - 378. What is h(2)?
-66
Let y(i) = 195*i - 1618. Determine y(9).
137
Let r(l) = 1302*l + 272137. Determine r(-209).
19
Let o(p) = -17*p**3 + 39*p**2 + 2490*p + 55. Give o(-11).
11
Let d(k) = 30101*k + 150487. Give d(-5).
-18
Let g(i) = -413*i - 600. Determine g(-3).
639
Let d(i) = 4*i**2 + 847*i - 6702. Calculate d(8).
330
Let c(s) = s**3 - 1401*s**2 + 66123*s + 169005. Determine c(1352).
5
Let o(q) = -7*q**3 + 2*q**2 + 3574*q - 32285. Give o(9).
-5060
Let b(u) = -191*u + 7130. Determine b(38).
-128
Let y(w) = 1199*w + 279386. What is y(-233)?
19
Let b(r) = 7894*r + 1641929. Calculate b(-208).
-23
Let f(x) = 3*x**3 + 855*x**2 + 1700*x + 521. Calculate f(-283).
-45
Let q(l) = 3175*l + 25315. What is q(-8)?
-85
Let f(j) = j**3 + 218*j**2 - 2810*j - 1. Determine f(12).
-601
Let f(n) = -3*n**3 + 2135*n**2 - 137592*n - 5133. Calculate f(640).
-13
Let j(z) = z**3 - 2*z**2 + 10*z + 103. Determine j(-5).
-122
Let u(j) = -816*j - 323914. Determine u(-397).
38
Let g(z) = -21*z**2 + 264*z - 132. Give g(12).
12
Let a(z) = -21*z**3 - 25*z**2 - 96*z - 77. What is a(-4)?
1251
Let u(z) = -12634*z + 12640. Calculate u(1).
6
Let i(o) = 450*o + 229. What is i(-4)?
-1571
Let v(h) = -h**3 - 25*h**2 + 298*h + 3556. Determine v(-8).
84
Let w(s) = s**3 + 6*s**2 - 414*s - 2806. Give w(-20).
-126
Let m(p) = -12*p**3 - 176*p**2 + 985*p + 5. Calculate m(-19).
62
Let g(r) = 812*r + 53553. Determine g(-66).
-39
Let l(a) = 207*a**2 + 3383*a + 1125. What is l(-16)?
-11
Let o(m) = 34*m**3 - 229*m**2 - 72*m - 10. Calculate o(7).
-73
Let l(n) = n**3 + 1348*n**2 + 9116*n - 1906. Calculate l(-7).
-9
Let b(t) = -3191*t - 462931. Give b(-145).
-236
Let s(a) = -101261*a - 708809. Give s(-7).
18
Let h(n) = 3*n**2 - 153*n - 1121. What is h(-6)?
-95
Let m(l) = 250*l**2 + 3454*l + 3438. Give m(-1).
234
Let o(a) = 31*a**2 - 3327*a - 2224. Calculate o(108).
44
Let u(m) = -3757*m + 18633. Give u(5).
-152
Let u(o) = 3*o**3 - 22*o**2 + 61*o + 264. Determine u(5).
394
Let r(q) = -3*q**3 + 118*q**2 - 56*q + 654. Give r(39).
-9
Let k(n) = 550203*n + 7152654. What is k(-13)?
15
Let n(k) = 373*k + 6177. Give n(-16).
209
Let b(g) = 24*g**2 + 187*g - 301. Determine b(2).
169
Let p(l) = -l**3 - 134*l**2 + 8098*l - 1966. Calculate p(45).
-31
Let p(c) = c**3 - 62*c**2 - 4337*c - 3719. What is p(104)?
-495
Let w(a) = a**3 + 68*a**2 - 958*a - 168. What is w(-80)?
-328
Let y(o) = -159*o**2 + 9544*o - 266. Determine y(60).
-26
Let c(d) = d**2 + 490*d + 59944. What is c(-236)?
0
Let v(c) = -1069*c - 3204. Calculate v(-3).
3
Let p(b) = 405996*b + 811990. Calculate p(-2).
-2
Let p(l) = -50900*l + 152699. Give p(3).
-1
Let b(v) = v**3 + 18*v**2 - 4*v - 507. Give b(-18).
-435
Let q(f) = 2*f**3 + 163*f**2 - 77*f + 32. Calculate q(-82).
-378
Let s(p) = p**3 + 2*p**2 - 76324*p + 228921. Determine s(3).
-6
Let t(o) = 2*o**3 - 128*o**2 - 2173*o - 856. Determine t(78).
2
Let w(g) = 3*g**3 + 1435*g**2 - 3675*g + 83208. Determine w(-481).
-5
Let d(g) = -256*g**2 - 4009*g + 131. Give d(-17).
-5700
Let u(b) = 2*b**3 + 2*b**2 - 15*b + 40. Give u(5).
265
Let n(z) = 21*z**2 + 132*z - 849. Determine n(6).
699
Let h(l) = -l**2 + 9237*l + 548428. What is h(-59)?
-36
Let k(m) = -m**3 - 601*m**2 + 863*m + 678. Calculate k(2).
-8
Let c(w) = -3*w**3 + 19*w**2 - 396*w + 3234. What is c(8)?
-254
Let k(n) = -n**3 - 34*n**2 - 95*n + 215. Calculate k(-30).
-535
Let q(l) = -48597*l - 2089655. What is q(-43)?
16
Let k(n) = 12*n**2 + 1940*n + 49436. Determine k(-130).
36
Let y(j) = 317*j**2 + 1300*j - 8. What is y(-4)?
-136
Let j(b) = 5*b**2 - 2847*b + 3976. What is j(568)?
0
Let k(o) = -17469*o - 104802. Calculate k(-6).
12
Let g(b) = -b**3 + 64*b**2 - 1046*b + 61907. Calculate g(63).
-22
Let x(w) = -w**3 - 34*w**2 - 255*w - 73. Calculate x(-23).
-27
Let y(i) = -1407*i + 9633. Determine y(8).
-1623
Let k(l) = -188*l - 15752. Determine k(-85).
228
Let r(g) = g**2 - 146702*g - 3227952. What is r(-22)?
-24
Let u(c) = 31201*c + 23244749. What is u(-745)?
4
Let j(a) = 204749*a + 1433552. What is j(-7)?
309
Let a(h) = 49*h + 9261. Determine a(-182).
343
Let z(g) = g**3 - 9*g**2 - 172*g + 231. Determine z(19).
573
Let q(i) = 3*i**2 + 2*i - 6405. Give q(69).
8016
Let h(x) = -x**2 + 59*x + 2851. Determine h(93).
-311
Let p(u) = -6850*u + 96191. What is p(14)?
291
Let z(m) = 2*m**3 - 983*m**2 - 642*m + 73661. Give z(492).
-139
Let l(i) = 4*i**2 - 3920*i + 450599. Give l(847).
-5
Let o(u) = u**3 + 124*u**2 - 12*u - 1841. Calculate o(-124).
-353
Let y(b) = b**2 + 6999*b - 44. Determine y(0).
-44
Let m(c) = -c**2 + 28147*c - 3167892. What is m(113)?
-50
Let w(m) = m**2 - 1402*m + 171032. Calculate w(135).
-13
Let h(f) = -26325*f**2 + 210617*f - 13. Determine h(8).
123
Let o(v) = v**3 + 28*v**2 - 56*v - 923. Determine o(-29).
-140
Let h(q) = -952*q**2 - 62*q + 57. Determine h(1).
-957
Let u(r) = -r**3 + 14*r**2 + 102*r + 185. Calculate u(20).
-175
Let f(c) = 36060*c - 540910. What is f(15)?
-10
Let l(y) = 2*y**2 - 366*y + 3322. Determine l(10).
-138
Let g(r) = 4264*r - 2477388. Determine g(581).
-4
Let f(z) = -2002*z + 36082. Give f(18).
46
Let c(s) = -12590*s - 75387. Calculate c(-6).
153
Let w(z) = -z**3 + 273*z**2 + 25258*z - 6. Calculate w(-73).
-6
Let t(z) = 308748*z + 100960589. Calculate t(-327).
-7
Let y(g) = 1306*g - 13031. Determine y(10).
29
Let c(u) = 12810*u - 112928. Calculate c(9).
2362
Let w(h) = 41*h**2 - 6629*h - 165688. Give w(-22).
-6
Let d(w) = -203*w**2 + 17867*w - 253. Calculate d(88).
11
Let a(t) = t**3 + 57*t**2 + 56*t - 232. Give a(-56).
-232
Let t(j) = -380*j**2 - 602*j - 9. Give t(-2).
-325
Let r(m) = -2*m**3 + 485*m**2 - 16525*m + 83. Determine r(41).
1
Let w(h) = 23*h**2 + 13756*h + 482. What is w(-598)?
-714
Let d(n) = -21000*n - 252027. Determine d(-12).
-27
Let h(z) = -2270*z + 401799. Determine h(177).
9
Let m(n) = 37*n**2 - 409*n + 103. What is m(7)?
-947
Let v(f) = -65157*f + 130321. What is v(2)?
7
Let t(w) = -387*w + 49910. Calculate t(129).
-13
Let z(k) = 202*k - 2714. Calculate z(17).
720
Let r(p) = -3911*p - 355886. What is r(-91)?
15
Let p(s) = -34*s**2 + 9612*s + 2878. Calculate p(283).
48
Let v(s) = -s**2 - 96*s + 10685. Give v(65).
220
Let r(m) = -1704*m + 37539. What is r(22)?
51
Let y(v) = -v**2 + 44*v - 2339. Give y(32).
-1955
Let b(s) = -3*s**2 + 1268*s - 13590. Give b(11).
-5
Let s(p) = 2*p**3 + 1229*p**2 - 615*p + 85. Calculate s(-615).
85
Let b(t) = -t**2 - 6507*t - 58452. Determine b(-9).
30
Let z(k) = -7*k**3 - 4*k**2 + 683*k + 2639. Give z(-5).
-1
Let h(z) = z**3 + 3*z**2 - 266*z - 2027. Give h(-11).
-69
Let o(x) = -x**3 + 269*x**2 + 1348*x - 100. What is o(-5)?
10
Let h(w) = -2*w**2 + 12050*w - 27. Determine h(0).
-27
Let t(v) = 7245*v - 7299. Determine t(1).
-54
Let c(g) = -37*g**2 + 362*g + 750. Determine c(-2).
-122
Let x(b) = -32*b**3 + 203*b**2 + 596*b - 32. Calculate x(-3).
871
Let n(h) = -9783*h + 87661. Calculate n(9).
-386
Let b(y) = 32524*y - 5561560. What is b(171)?
44
Let s(r) = 398*r + 28915. Determine s(-73).
-139
Let a(y) = y**3 + 51*y**2 + 487*y + 41. Calculate a(-17).
1588
Let v(g) = -3144*g + 1546850. What is v(492)?
2
Let c(t) = 3*t**3 + 26*t**2 - 89*t - 866. Calculate c(-7).
2
Let t(f) = -37*f**2 + 1573*f + 90. Dete